1?
38
What is the remainder when 755 is divided by 40?
35
Calculate the remainder when 958 is divided by 13.
9
Calculate the remainder when 758 is divided by 95.
93
What is the remainder when 78 is divided by 19?
2
Calculate the remainder when 243 is divided by 64.
51
Calculate the remainder when 5784 is divided by 13.
12
What is the remainder when 61 is divided by 7?
5
What is the remainder when 162 is divided by 55?
52
Calculate the remainder when 1383 is divided by 66.
63
What is the remainder when 306 is divided by 14?
12
Calculate the remainder when 76 is divided by 21.
13
Calculate the remainder when 208 is divided by 30.
28
What is the remainder when 126 is divided by 22?
16
What is the remainder when 1056 is divided by 7?
6
What is the remainder when 52 is divided by 11?
8
What is the remainder when 2351 is divided by 42?
41
What is the remainder when 2897 is divided by 26?
11
What is the remainder when 177 is divided by 21?
9
What is the remainder when 267 is divided by 259?
8
Calculate the remainder when 389 is divided by 57.
47
Calculate the remainder when 849 is divided by 418.
13
Calculate the remainder when 47 is divided by 10.
7
Calculate the remainder when 2339 is divided by 212.
7
Calculate the remainder when 126 is divided by 49.
28
Calculate the remainder when 351 is divided by 51.
45
Calculate the remainder when 1158 is divided by 578.
2
Calculate the remainder when 4467 is divided by 149.
146
Calculate the remainder when 361 is divided by 131.
99
Calculate the remainder when 59 is divided by 16.
11
Calculate the remainder when 540 is divided by 61.
52
What is the remainder when 1694 is divided by 37?
29
What is the remainder when 119 is divided by 63?
56
Calculate the remainder when 496 is divided by 438.
58
What is the remainder when 141 is divided by 24?
21
What is the remainder when 750 is divided by 247?
9
What is the remainder when 3947 is divided by 55?
42
What is the remainder when 62 is divided by 13?
10
What is the remainder when 74 is divided by 40?
34
What is the remainder when 750 is divided by 153?
138
Calculate the remainder when 101 is divided by 17.
16
Calculate the remainder when 18 is divided by 7.
4
What is the remainder when 120 is divided by 56?
8
What is the remainder when 1221 is divided by 47?
46
What is the remainder when 45225 is divided by 71?
69
Calculate the remainder when 973 is divided by 15.
13
Calculate the remainder when 87 is divided by 25.
12
What is the remainder when 307 is divided by 63?
55
What is the remainder when 698 is divided by 16?
10
Calculate the remainder when 76 is divided by 13.
11
What is the remainder when 2764 is divided by 1369?
26
Calculate the remainder when 139 is divided by 56.
27
Calculate the remainder when 80 is divided by 4.
0
Calculate the remainder when 3793 is divided by 73.
70
What is the remainder when 71 is divided by 19?
14
Calculate the remainder when 606 is divided by 38.
36
What is the remainder when 111 is divided by 29?
24
Calculate the remainder when 194 is divided by 18.
14
What is the remainder when 3146 is divided by 61?
35
Calculate the remainder when 1197 is divided by 296.
13
What is the remainder when 451 is divided by 87?
16
Calculate the remainder when 1512 is divided by 4.
0
Calculate the remainder when 307 is divided by 84.
55
Calculate the remainder when 211 is divided by 117.
94
Calculate the remainder when 791 is divided by 72.
71
What is the remainder when 54 is divided by 43?
11
What is the remainder when 1208 is divided by 13?
12
What is the remainder when 7049 is divided by 15?
14
What is the remainder when 1612 is divided by 27?
19
Calculate the remainder when 8532 is divided by 52.
4
Calculate the remainder when 2047 is divided by 511.
3
What is the remainder when 30 is divided by 26?
4
What is the remainder when 141 is divided by 19?
8
What is the remainder when 1743 is divided by 9?
6
Calculate the remainder when 285 is divided by 21.
12
What is the remainder when 315 is divided by 102?
9
Calculate the remainder when 137 is divided by 21.
11
Calculate the remainder when 345 is divided by 87.
84
What is the remainder when 85 is divided by 30?
25
Calculate the remainder when 55 is divided by 16.
7
Calculate the remainder when 201 is divided by 99.
3
Calculate the remainder when 145 is divided by 73.
72
Calculate the remainder when 205 is divided by 26.
23
What is the remainder when 1706 is divided by 81?
5
Calculate the remainder when 369 is divided by 96.
81
Calculate the remainder when 59 is divided by 16.
11
What is the remainder when 1468 is divided by 212?
196
What is the remainder when 6684 is divided by 8?
4
What is the remainder when 369 is divided by 9?
0
What is the remainder when 36 is divided by 16?
4
What is the remainder when 64 is divided by 2?
0
What is the remainder when 1115 is divided by 43?
40
What is the remainder when 98 is divided by 40?
18
Calculate the remainder when 516 is divided by 28.
12
Calculate the remainder when 480 is divided by 103.
68
What is the remainder when 2530 is divided by 136?
82
Calculate the remainder when 430 is divided by 24.
22
Calculate the remainder when 87 is divided by 22.
21
Calculate the remainder when 500 is divided by 41.
8
What is the remainder when 48 is divided by 35?
13
Calculate the remainder when 2177 is divided by 66.
65
Calculate the remainder when 167 is divided by 9.
5
What is the remainder when 444 is divided by 25?
19
Calculate the remainder when 279 is divided by 35.
34
What is the remainder when 274 is divided by 25?
24
Calculate the remainder when 390 is divided by 96.
6
Calculate the remainder when 35 is divided by 25.
10
What is the remainder when 504 is divided by 39?
36
What is the remainder when 6569 is divided by 9?
8
What is the remainder when 165 is divided by 61?
43
What is the remainder when 99 is divided by 33?
0
What is the remainder when 1001 is divided by 36?
29
What is the remainder when 1049 is divided by 23?
14
What is the remainder when 192 is divided by 36?
12
Calculate the remainder when 34 is divided by 28.
6
What is the remainder when 260 is divided by 4?
0
What is the remainder when 128 is divided by 33?
29
Calculate the remainder when 811 is divided by 58.
57
What is the remainder when 16581 is divided by 7?
5
Calculate the remainder when 1382 is divided by 13.
4
Calculate the remainder when 308 is divided by 45.
38
Calculate the remainder when 124 is divided by 79.
45
Calculate the remainder when 753 is divided by 27.
24
What is the remainder when 203 is divided by 26?
21
What is the remainder when 194 is divided by 41?
30
What is the remainder when 340 is divided by 38?
36
Calculate the remainder when 6271 is divided by 27.
7
What is the remainder when 438 is divided by 49?
46
What is the remainder when 49084 is divided by 18?
16
What is the remainder when 1636 is divided by 242?
184
What is the remainder when 529 is divided by 184?
161
Calculate the remainder when 1516 is divided by 61.
52
What is the remainder when 183 is divided by 94?
89
What is the remainder when 109 is divided by 23?
17
Calculate the remainder when 897 is divided by 53.
49
What is the remainder when 271 is divided by 186?
85
What is the remainder when 315 is divided by 45?
0
What is the remainder when 303 is divided by 3?
0
Calculate the remainder when 461 is divided by 31.
27
Calculate the remainder when 3325 is divided by 104.
101
What is the remainder when 1113 is divided by 104?
73
Calculate the remainder when 2434 is divided by 33.
25
Calculate the remainder when 1537 is divided by 44.
41
Calculate the remainder when 6355 is divided by 13.
11
What is the remainder when 985 is divided by 141?
139
Calculate the remainder when 1973 is divided by 23.
18
What is the remainder when 71927 is divided by 12?
11
What is the remainder when 647 is divided by 36?
35
Calculate the remainder when 168 is divided by 85.
83
What is the remainder when 46 is divided by 13?
7
Calculate the remainder when 27 is divided by 24.
3
Calculate the remainder when 1989 is divided by 337.
304
Calculate the remainder when 17 is divided by 1.
0
What is the remainder when 69 is divided by 16?
5
What is the remainder when 7 is divided by 7?
0
What is the remainder when 1532 is divided